{"id":3663,"date":"2018-01-11T14:19:28","date_gmt":"2018-01-11T13:19:28","guid":{"rendered":"https:\/\/loitz.at\/?page_id=3663"},"modified":"2026-03-05T15:39:10","modified_gmt":"2026-03-05T14:39:10","slug":"impressum","status":"publish","type":"page","link":"https:\/\/www.loitz.at\/motorrad\/impressum\/","title":{"rendered":"Impressum"},"content":{"rendered":"\n<div class=\"wp-block-cover alignfull\" style=\"min-height:65vh;aspect-ratio:unset;\"><img loading=\"lazy\" decoding=\"async\" width=\"3500\" height=\"1618\" class=\"wp-block-cover__image-background wp-image-3673\" alt=\"\" src=\"https:\/\/www.loitz.at\/motorrad\/wp-content\/uploads\/sites\/3\/2018\/01\/group-of-bikers-on-forest-highway.jpg\" data-object-fit=\"cover\" srcset=\"https:\/\/www.loitz.at\/motorrad\/wp-content\/uploads\/sites\/3\/2018\/01\/group-of-bikers-on-forest-highway.jpg 3500w, https:\/\/www.loitz.at\/motorrad\/wp-content\/uploads\/sites\/3\/2018\/01\/group-of-bikers-on-forest-highway-300x139.jpg 300w, https:\/\/www.loitz.at\/motorrad\/wp-content\/uploads\/sites\/3\/2018\/01\/group-of-bikers-on-forest-highway-768x355.jpg 768w, https:\/\/www.loitz.at\/motorrad\/wp-content\/uploads\/sites\/3\/2018\/01\/group-of-bikers-on-forest-highway-1024x473.jpg 1024w, https:\/\/www.loitz.at\/motorrad\/wp-content\/uploads\/sites\/3\/2018\/01\/group-of-bikers-on-forest-highway-418x193.jpg 418w\" sizes=\"auto, (max-width: 3500px) 100vw, 3500px\" \/><span aria-hidden=\"true\" class=\"wp-block-cover__background has-background-dim-0 has-background-dim\"><\/span><div class=\"wp-block-cover__inner-container is-layout-flow wp-block-cover-is-layout-flow\">\n<p class=\"has-text-align-center has-large-font-size\"><\/p>\n<\/div><\/div>\n\n\n\n<div style=\"height:30px\" aria-hidden=\"true\" class=\"wp-block-spacer\"><\/div>\n\n\n\n<h1 class=\"wp-block-heading\">Impressum<\/h1>\n\n\n\n<p>Motorrad Loitz GmbH<br>Zweiradfachgesch\u00e4ft<br>Bundesstrasse 94<br>6923 Lauterach<\/p>\n\n\n\n<p>\u00d6sterreich<\/p>\n\n\n\n<p>mail: info@motorradloitz.at<br>Telefon: +43 5574 94144<\/p>\n\n\n\n<p>UID-Nummer: ATU76179118<br>LG-Feldkirch<br>FN 544333s<\/p>\n\n\n\n<h3 class=\"wp-block-heading\">Disclaimer<\/h3>\n\n\n\n<p>Es wird keinerlei Haftung f\u00fcr die Vollst\u00e4ndigkeit, Richtigkeit und Aktualit\u00e4t der Homepage und der Website \u00fcbernommen, Irrt\u00fcmer vorbehalten. Alle Angebote in der Datenbank sind freibleibend und vorbehaltlich und Zwischenverkauf und -vermietung. Der Benutzer erkennt den Gebrauch der Websites auf eigene Gefahr an, sodass niemanden, der an der Erstellung der Informationen beteiligt war, eine (in-)direkte Haftung f\u00fcr (Folge-) sch\u00e4den trifft bzw. diese bis auf gesetzliche \u00e4u\u00dferst zul\u00e4ssige Ma\u00df beschr\u00e4nkt wird.<\/p>\n\n\n\n<h3 class=\"wp-block-heading\">Copyright<\/h3>\n\n\n\n<p>\u00a9 und f\u00fcr den Inhalt verantwortlich ist die Firma InnoGarden GmbH. Die entsprechenden Urheber- und sonstigen Schutzrechten liegen daher gem\u00e4\u00df den inl\u00e4ndischen und EU-rechtlichen Vorschriften bei der Firma InnoGarden GmbH. Die Vervielf\u00e4ltigung von Texten und Daten einschlie\u00dflich Speicherung und Nutzung auf optischen und elektronischen Datentr\u00e4gern darf nur mit vorheriger schriftlicher Genehmigung erfolgen. Die Verwendung von Daten inklusive Einspeisung in Online-Dienste, Datenbanken oder Websites durch unberechtigte Dritte so wie das Ver\u00e4ndern oder Verf\u00e4lschen von Informationen ist untersagt. Der Download und der Ausdruck der Daten ist lediglich zum pers\u00f6nlichen, aber nicht zum kommerziellen Gebrauch gestattet.<\/p>\n\n\n\n<div style=\"height:30px\" aria-hidden=\"true\" class=\"wp-block-spacer\"><\/div>\n\n\n\n<p><\/p>\n","protected":false},"excerpt":{"rendered":"<p>Impressum Motorrad Loitz GmbHZweiradfachgesch\u00e4ftBundesstrasse 946923 Lauterach \u00d6sterreich mail: info@motorradloitz.atTelefon: +43 5574 94144 UID-Nummer: ATU76179118LG-FeldkirchFN 544333s Disclaimer Es wird keinerlei Haftung f\u00fcr die Vollst\u00e4ndigkeit, Richtigkeit und Aktualit\u00e4t der Homepage und der Website \u00fcbernommen, Irrt\u00fcmer vorbehalten. Alle Angebote in der Datenbank sind freibleibend und vorbehaltlich und Zwischenverkauf und -vermietung. Der Benutzer erkennt den Gebrauch der Websites auf [&hellip;]<\/p>\n","protected":false},"author":1,"featured_media":0,"parent":0,"menu_order":0,"comment_status":"closed","ping_status":"closed","template":"","meta":{"_eb_attr":"","footnotes":""},"class_list":["post-3663","page","type-page","status-publish","hentry"],"aioseo_notices":[],"mb":[],"mfb_rest_fields":["title","aioseo_notices"],"_links":{"self":[{"href":"https:\/\/www.loitz.at\/motorrad\/wp-json\/wp\/v2\/pages\/3663","targetHints":{"allow":["GET"]}}],"collection":[{"href":"https:\/\/www.loitz.at\/motorrad\/wp-json\/wp\/v2\/pages"}],"about":[{"href":"https:\/\/www.loitz.at\/motorrad\/wp-json\/wp\/v2\/types\/page"}],"author":[{"embeddable":true,"href":"https:\/\/www.loitz.at\/motorrad\/wp-json\/wp\/v2\/users\/1"}],"replies":[{"embeddable":true,"href":"https:\/\/www.loitz.at\/motorrad\/wp-json\/wp\/v2\/comments?post=3663"}],"version-history":[{"count":16,"href":"https:\/\/www.loitz.at\/motorrad\/wp-json\/wp\/v2\/pages\/3663\/revisions"}],"predecessor-version":[{"id":79902,"href":"https:\/\/www.loitz.at\/motorrad\/wp-json\/wp\/v2\/pages\/3663\/revisions\/79902"}],"wp:attachment":[{"href":"https:\/\/www.loitz.at\/motorrad\/wp-json\/wp\/v2\/media?parent=3663"}],"curies":[{"name":"wp","href":"https:\/\/api.w.org\/{rel}","templated":true}]}}