{"id":3678,"date":"2018-01-11T16:06:09","date_gmt":"2018-01-11T15:06:09","guid":{"rendered":"https:\/\/loitz.at\/?page_id=3678"},"modified":"2024-01-30T08:43:44","modified_gmt":"2024-01-30T07:43:44","slug":"unternehmen","status":"publish","type":"page","link":"https:\/\/www.loitz.at\/motorrad\/unternehmen\/","title":{"rendered":"Unternehmen"},"content":{"rendered":"\n<div class=\"wp-block-cover alignfull is-light\" style=\"min-height:65vh;aspect-ratio:unset;\"><span aria-hidden=\"true\" class=\"wp-block-cover__background has-background-dim-0 has-background-dim\"><\/span><img loading=\"lazy\" decoding=\"async\" width=\"2560\" height=\"1209\" class=\"wp-block-cover__image-background wp-image-77313\" alt=\"\" src=\"https:\/\/www.loitz.at\/motorrad\/wp-content\/uploads\/sites\/3\/2023\/12\/Background3-scaled.jpg\" data-object-fit=\"cover\" srcset=\"https:\/\/www.loitz.at\/motorrad\/wp-content\/uploads\/sites\/3\/2023\/12\/Background3-scaled.jpg 2560w, https:\/\/www.loitz.at\/motorrad\/wp-content\/uploads\/sites\/3\/2023\/12\/Background3-300x142.jpg 300w, https:\/\/www.loitz.at\/motorrad\/wp-content\/uploads\/sites\/3\/2023\/12\/Background3-1024x484.jpg 1024w, https:\/\/www.loitz.at\/motorrad\/wp-content\/uploads\/sites\/3\/2023\/12\/Background3-768x363.jpg 768w, https:\/\/www.loitz.at\/motorrad\/wp-content\/uploads\/sites\/3\/2023\/12\/Background3-1536x726.jpg 1536w, https:\/\/www.loitz.at\/motorrad\/wp-content\/uploads\/sites\/3\/2023\/12\/Background3-2048x967.jpg 2048w\" sizes=\"auto, (max-width: 2560px) 100vw, 2560px\" \/><div class=\"wp-block-cover__inner-container is-layout-flow wp-block-cover-is-layout-flow\">\n<p class=\"has-text-align-center has-large-font-size\"><\/p>\n<\/div><\/div>\n\n\n\n<div style=\"height:30px\" aria-hidden=\"true\" class=\"wp-block-spacer\"><\/div>\n\n\n\n<h1 class=\"wp-block-heading\">\u00dcBER UNS<\/h1>\n\n\n\n<p>Arno Beck hat das Steuer bei Motorrad Loitz \u00fcbernommen und agiert nun als Gesch\u00e4ftsf\u00fchrer der Firma Loitz Motorrad. Seit vielen Jahren verantwortlich f\u00fcr den Verkauf von Motorr\u00e4dern, hat er nun die Leitung des Unternehmens \u00fcbernommen. Am Standort in Lauterach erwartet Sie auf einer gro\u00dfz\u00fcgigen Ausstellungsfl\u00e4che von \u00fcber 2.000 m\u00b2 ein authentisches Motorraderlebnis. Egal, ob Sie sich f\u00fcr einen stilvollen Cruiser, ein rasantens Naked-Bike, ein wildes MX-Bike oder einen City-Motorroller interessieren &#8211; wir bieten f\u00fcr jeden Geschmack in der motorisierten Fortbewegung das Passende an. Unsere Produktpalette umfasst Neu- und Gebrauchtfahrzeuge renommierter Marken wie Yamaha, Suzuki, Honda, Kawasaki, Vespa und vielen weiteren. Selbst wenn es einmal nicht so rund l\u00e4uft, k\u00f6nnen sich unsere Kunden auf eine sachkundige und pr\u00e4zise durchgef\u00fchrte Reparatur verlassen.<\/p>\n\n\n\n<p>Die Vielfalt unserer Modelle und unser exzellenter Kundenservice erstrecken sich ebenso auf unsere innovative Fahrrad-Erlebniswelt. Auf \u00fcber 1000 m\u00b2 Ausstellungsfl\u00e4che pr\u00e4sentieren sich Rennr\u00e4der, Trekkingbikes, Mountainbikes, Funbikes und Quads, die darauf warten, f\u00fcr Ihr Freizeitvergn\u00fcgen entdeckt zu werden. Damit jede Ausfahrt mit dem Motorrad oder Fahrrad stets ein Vergn\u00fcgen bleibt, legen wir gro\u00dfen Wert auf die passende Sicherheitsausr\u00fcstung. Helmexpress.com, unser Online-Shop der Loitz KG, bietet eine Auswahl an hochwertigen Helmen von renommierten Marken wie Schuberth Klapphelme, Shark Helme und Caberg Helme. Neben dem optimalen Kopfschutz finden Biker und Bikerinnen auch Schutzkleidung, darunter qualitativ hochwertige und preislich faire Lederkombis. Selbst f\u00fcr diejenigen, die das Gl\u00fcck auf dem R\u00fccken der Pferde suchen oder grandiosen Winterspa\u00df beim &#8222;Skifoan&#8220; erleben m\u00f6chten, h\u00e4lt helmexpress.com den passenden Kopfschutz bereit.<\/p>\n\n\n\n<p>Das Team von Motorrad Loitz inspiriert und &#8222;bewegt&#8220; durch erstklassige Qualit\u00e4t und optimalen Kundenservice, w\u00e4hrend Arno Beck als Gesch\u00e4ftsf\u00fchrer die Unternehmensleitung \u00fcbernommen hat, nachdem er jahrelang den Verkauf der Motorr\u00e4der verantwortete.<\/p>\n\n\n\n<div style=\"height:30px\" aria-hidden=\"true\" class=\"wp-block-spacer\"><\/div>\n\n\n\n<p><\/p>\n","protected":false},"excerpt":{"rendered":"<p>\u00dcBER UNS Arno Beck hat das Steuer bei Motorrad Loitz \u00fcbernommen und agiert nun als Gesch\u00e4ftsf\u00fchrer der Firma Loitz Motorrad. Seit vielen Jahren verantwortlich f\u00fcr den Verkauf von Motorr\u00e4dern, hat er nun die Leitung des Unternehmens \u00fcbernommen. Am Standort in Lauterach erwartet Sie auf einer gro\u00dfz\u00fcgigen Ausstellungsfl\u00e4che von \u00fcber 2.000 m\u00b2 ein authentisches Motorraderlebnis. Egal, [&hellip;]<\/p>\n","protected":false},"author":1,"featured_media":0,"parent":0,"menu_order":0,"comment_status":"closed","ping_status":"closed","template":"","meta":{"_eb_attr":"","footnotes":""},"class_list":["post-3678","page","type-page","status-publish","hentry"],"aioseo_notices":[],"mb":[],"mfb_rest_fields":["title","aioseo_notices"],"_links":{"self":[{"href":"https:\/\/www.loitz.at\/motorrad\/wp-json\/wp\/v2\/pages\/3678","targetHints":{"allow":["GET"]}}],"collection":[{"href":"https:\/\/www.loitz.at\/motorrad\/wp-json\/wp\/v2\/pages"}],"about":[{"href":"https:\/\/www.loitz.at\/motorrad\/wp-json\/wp\/v2\/types\/page"}],"author":[{"embeddable":true,"href":"https:\/\/www.loitz.at\/motorrad\/wp-json\/wp\/v2\/users\/1"}],"replies":[{"embeddable":true,"href":"https:\/\/www.loitz.at\/motorrad\/wp-json\/wp\/v2\/comments?post=3678"}],"version-history":[{"count":15,"href":"https:\/\/www.loitz.at\/motorrad\/wp-json\/wp\/v2\/pages\/3678\/revisions"}],"predecessor-version":[{"id":77607,"href":"https:\/\/www.loitz.at\/motorrad\/wp-json\/wp\/v2\/pages\/3678\/revisions\/77607"}],"wp:attachment":[{"href":"https:\/\/www.loitz.at\/motorrad\/wp-json\/wp\/v2\/media?parent=3678"}],"curies":[{"name":"wp","href":"https:\/\/api.w.org\/{rel}","templated":true}]}}